e
Does 80 divide 1360?
True
Does 4 divide 156?
True
Is 98 a factor of 26362?
True
Is 36 a factor of 775?
False
Is 49 a factor of 14835?
False
Is 15 a factor of 41550?
True
Does 42 divide 2898?
True
Does 21 divide 3234?
True
Is 127 a factor of 17145?
True
Is 139 a factor of 4220?
False
Is 2 a factor of 194?
True
Does 25 divide 3275?
True
Is 3696 a multiple of 16?
True
Does 15 divide 1882?
False
Is 54 a factor of 1944?
True
Is 1257 a multiple of 30?
False
Does 56 divide 3920?
True
Does 20 divide 101132?
False
Does 127 divide 29427?
False
Does 47 divide 141?
True
Does 23 divide 55429?
False
Is 6969 a multiple of 21?
False
Does 111 divide 6031?
False
Does 70 divide 70?
True
Is 4776 a multiple of 24?
True
Does 7 divide 18487?
True
Does 121 divide 46760?
False
Is 5310 a multiple of 45?
True
Does 126 divide 517?
False
Is 11 a factor of 4941?
False
Is 60 a factor of 18720?
True
Is 4 a factor of 520?
True
Is 11 a factor of 3736?
False
Is 7 a factor of 3633?
True
Is 5656 a multiple of 101?
True
Is 49 a factor of 7056?
True
Is 5705 a multiple of 47?
False
Is 18895 a multiple of 166?
False
Is 935 a multiple of 10?
False
Is 39718 a multiple of 12?
False
Is 31 a factor of 6956?
False
Is 163 a factor of 32408?
False
Does 17 divide 311?
False
Is 6405 a multiple of 15?
True
Does 91 divide 2634?
False
Does 139 divide 8832?
False
Does 4 divide 9117?
False
Is 12 a factor of 5199?
False
Is 114 a factor of 2622?
True
Is 95836 a multiple of 19?
True
Is 28063 a multiple of 89?
False
Does 34 divide 816?
True
Is 4488 a multiple of 68?
True
Does 6 divide 19454?
False
Does 4 divide 336?
True
Does 106 divide 3141?
False
Is 41 a factor of 94?
False
Does 53 divide 636?
True
Is 12 a factor of 324?
True
Is 3 a factor of 478?
False
Is 3 a factor of 103?
False
Is 458 even?
True
Does 32 divide 97848?
False
Is 12 a factor of 36?
True
Is 42693 a multiple of 133?
True
Does 18 divide 35424?
True
Does 15 divide 3428?
False
Is 7 a factor of 2609?
False
Is 14 a factor of 1932?
True
Does 2 divide 1663?
False
Is 8 a factor of 243?
False
Does 18 divide 2169?
False
Is 91 a factor of 2184?
True
Is 16 a factor of 29?
False
Is 65940 a multiple of 157?
True
Does 97 divide 766?
False
Is 105 a multiple of 5?
True
Is 176 a multiple of 16?
True
Does 14 divide 308?
True
Is 36260 a multiple of 28?
True
Is 1745 a multiple of 51?
False
Is 418 a multiple of 22?
True
Is 4 a factor of 332?
True
Is 5175 a multiple of 23?
True
Does 13 divide 14014?
True
Is 7826 a multiple of 7?
True
Is 9960 a multiple of 30?
True
Does 98 divide 945?
False
Is 51 a factor of 2131?
False
Is 1752 a multiple of 24?
True
Does 13 divide 1300?
True
Is 708 a multiple of 18?
False
Does 5 divide 191?
False
Does 144 divide 7508?
False
Is 204 a multiple of 12?
True
Does 5 divide 136?
False
Is 4 a factor of 103?
False
Is 49876 a multiple of 148?
True
Is 24513 a multiple of 160?
False
Is 217 a multiple of 7?
True
Does 43 divide 6192?
True
Does 11 divide 304?
False
Is 22 a factor of 22197?
False
Does 4 divide 449?
False
Is 15 a factor of 1005?
True
Does 20 divide 6900?
True
Is 131 a factor of 8384?
True
Does 23 divide 6808?
True
Does 6 divide 628?
False
Does 32 divide 2131?
False
Is 7 a factor of 66?
False
Does 60 divide 1236?
False
Does 60 divide 20400?
True
Does 63 divide 9198?
True
Is 912 a multiple of 38?
True
Is 7 a factor of 581?
True
Does 9 divide 333?
True
Is 215 a multiple of 64?
False
Is 26277 a multiple of 419?
False
Is 27 even?
False
Is 14 a factor of 6328?
True
Does 27 divide 9990?
True
Is 5 a factor of 7276?
False
Is 42 a factor of 5649?
False
Is 12 a factor of 1872?
True
Does 24 divide 60720?
True
Is 93430 a multiple of 38?
False
Does 4 divide 1102?
False
Is 3538 a multiple of 76?
False
Does 10 divide 433?
False
Is 30 a factor of 306?
False
Does 19 divide 2178?
False
Is 11 a factor of 759?
True
Is 56 even?
True
Does 50 divide 1000?
True
Is 113556 a multiple of 130?
False
Is 920 a multiple of 4?
True
Does 14 divide 23492?
True
Is 66 a multiple of 13?
False
Does 138 divide 3171?
False
Does 35 divide 2839?
False
Is 20 a factor of 11672?
False
Is 45 a multiple of 5?
True
Does 67 divide 7906?
True
Is 175 a factor of 3296?
False
Does 10 divide 3110?
True
Is 27 a factor of 4158?
True
Is 10420 a multiple of 5?
True
Does 49 divide 287?
False
Does 8 divide 224?
True
Is 36616 a multiple of 23?
True
Does 9 divide 1125?
True
Is 26 a factor of 156?
True
Does 11 divide 1160?
False
Does 7 divide 476?
True
Is 190 a factor of 4046?
False
Is 159 a multiple of 53?
True
Is 309 a multiple of 6?
False
Is 31 a factor of 20801?
True
Is 111 a factor of 5217?
True
Is 104 a factor of 7072?
True
Is 18 a factor of 288?
True
Is 816 a multiple of 6?
True
Does 40 divide 600?
True
Does 10 divide 136480?
True
Does 39 divide 34691?
False
Is 987 a multiple of 6?
False
Is 76 a factor of 380?
True
Is 7 a factor of 40303?
False
Is 2744 a multiple of 9?
False
Does 31 divide 751?
False
Is 18981 a multiple of 17?
False
Is 41 a factor of 1271?
True
Does 49 divide 63504?
True
Does 58 divide 986?
True
Is 39 a factor of 312?
True
Does 20 divide 12665?
False
Is 43 a factor of 3182?
True
Is 37 a factor of 26106?
False
Is 3 a factor of 3049?
False
Does 9 divide 6453?
True
Is 86 a factor of 344?
True
Is 25 a factor of 125?
True
Is 77080 a multiple of 24?
False
Is 16 a factor of 932?
False
Is 1340 a multiple of 29?
False
Is 1656 a multiple of 46?
True
Is 49 a factor of 4998?
True
Does 19 divide 101888?
False
Is 11 a factor of 2464?
True
Does 9 divide 6335?
False
Does 20 divide 85?
False
Does 32 divide 640?
True
Is 120 a multiple of 20?
True
Does 32 divide 6171?
False
Is 31 a factor of 3131?
True
Is 104 a factor of 15780?
False
Does 68 divide 101503?
False
Does 119 divide 1547?
True
Is 26448 a multiple of 19?
True
Is 1186 a multiple of 38?
False
Is 104 a multiple of 52?
True
Is 14639 a multiple of 15?
False
Is 65 a factor of 24552?
False
Is 18075 a multiple of 72?
False
Does 30 divide 750?
True
Is 178 a multiple of 8?
False
Is 64 a factor of 17408?
True
Is 1409 a multiple of 11?
False
Does 10 divide 4690?
True
Is 15 a factor of 1441?
False
Is 6036 a multiple of 31?
False
Is 2811 a multiple of 17?
False
Is 25210 a multiple of 17?
False
Does 8 divide 1409?
False
Is 36 a factor of 5383?
False
Is 13 a factor of 2175?
False
Is 1620 a multiple of 86?
False
Is 40 a multiple of 4?
True
Does 12 divide 132?
True
Is 24 a factor of 5832?
True
Does 10 divide 1610?
True
Does 12 divide 1879?
False
Is 946 a multiple of 86?
True
Is 18 a factor of 702?
True
Is 60 a factor of 420?
True
Is 1605 a multiple of 107?
True
Is 927 a multiple of 4?
False
Is 2 a factor of 1039?
False
Does 4 divide 5821?
False
Is 2 a factor of 97?
False
Is 15240 a multiple of 23?
False
Does 12 divide 744?
True
Is 1715 a multiple of 14?
False
Does 18 divide 540?
True
Does 14 divide 271?
False
Is 1692 a multiple of 94?
True
Does 5 divide 10?
True
Is 3325 a multiple of 133?
True
Does 86 divide 4730?
True
Does 17 divide 25806?
True
Is 201 a factor of 9045?
True
Is 10 a factor of 11970?
True
Is 12 a factor of 6359?
False
Does 14 divide 1495?
False
Does 4 divide 4?
True
Is 39 a factor of 12968?
False
Is 21744 a multiple of 48?
True
Is 317 a multiple of 6?
False
Does 7 divide 644?
True
Is 2 a factor of 133?
False
Does 6 divide 276?
True
Is 2 a factor of 2403?
False
Is 7 a factor of 4452?
True
Is 12 a multiple of 3?
True
Does 5 divide 1330?
True
Is 94 a factor of 9588?
True
Is 48 a factor of 838?
False
Is 1092 a multiple of 17?
False
Does 8 divide 67454?
False
Is 171 a factor of 5420?
False
Is 98 a multiple of 2?
True
Is 120 a factor of 20450?
False
Is 43873 a multiple of 73?
True
Does 154 divide 1386?
True
Is 2354 a multiple of 43?
False
Is 856 a multiple of 28?
False
Does 3 divide 753?
True
Does 18 divide 1021?
False
Is 22 a factor of 376?
False
Is 36785 a multiple of 5?
True
Is 3 a factor of 1015?
False
Is 7 a factor of 2123?
False
Does 26 divide 116?
False
Is 20 a factor of 680?
True
Is 106215 a multiple of 46?
False
Does 154 divide 35329?
False
Is 10 a factor of 15586?
False
Is 347 a factor of 3731?
False
Is 6719 a multiple of 178?
False
Is 4888 a multiple of 13?
True
Does 45 divide 6750?
True
Does 12 divide 84?
True
Does 85 divide 18870?
True
Does 87 divide 783?
True
Is 496 a multiple of 62?
True
Is 3762 a multiple of